 -3*a - 8*s = -4*s - 895. Is a a composite number?
False
Suppose -4*y = f - 590, f - 77 = -y + 69. Let u = y + -59. Is u a composite number?
False
Suppose -5*x - 4*j = -105, 2*x - 5*j + 4*j = 55. Let l = 11 + -8. Suppose g - x = -0*g - 3*o, 0 = l*g - 4*o - 127. Is g a composite number?
False
Let u(p) = -p**2 + 4*p + 1. Let n be u(3). Suppose 138 = n*w - 7*w. Let v = w - -81. Is v a composite number?
True
Let b = -107 - -318. Is b a prime number?
True
Let u(c) = c**3 + 6*c**2 + c + 7. Let n be u(-6). Let d be (19 - n)*435/(-2). Is d/(-13) + (-4)/26 a prime number?
False
Is 6/24 + 774/8 composite?
False
Let t(x) = -x**3 + x**2 + x. Let q be t(0). Suppose q = -0*s + s - 3*h - 202, -3*s + 641 = -2*h. Is s a composite number?
True
Is (-662)/(-3) + 2 + 2/6 composite?
False
Suppose -3*d - j = -3238, d - j = j + 1091. Is d composite?
True
Let c(x) = -9*x**2 - 3. Let o be c(-5). Let k = -65 + -68. Let w = k - o. Is w a composite number?
True
Let h be (-6)/12*(1 + 1). Let y be (-195 + 4)/(-2 - h). Let i = y + -30. Is i prime?
False
Suppose 5*d + 6 = -4. Let p = d - -2. Suppose 2*l + 2*b - 32 = p, -4*b = -2*l + 39 - 13. Is l composite?
True
Let t = 4 + 17. Is (532/6)/(14/t) composite?
True
Suppose 0*h + h - 119 = 0. Is h a prime number?
False
Let t be -2 - 1*(-314)/2. Let r = -97 + t. Is r a prime number?
False
Let a(g) = -g**3 + g**2 + g + 6. Let c be a(0). Suppose -c = -b - 0*b. Let l = b + 29. Is l prime?
False
Let z = -20 - -87. Is z a prime number?
True
Suppose 0*t + 2*t - 318 = 0. Suppose 2*j + j = t. Is j prime?
True
Is (-2)/6*(-568 - 5) composite?
False
Let g be (150/20)/(1/2). Suppose -5*t = -g, -2*o - 3*t + 433 = 2*o. Is o a composite number?
True
Is (28/(-6))/((-10)/165) a prime number?
False
Let h(d) be the third derivative of d**6/20 - d**5/20 + d**3/6 + 7*d**2. Is h(2) a prime number?
True
Let s(a) be the first derivative of -a**5/12 - a**4/8 + a**3 + 3. Let i(y) be the third derivative of s(y). Is i(-4) a prime number?
True
Let n = 812 - -554. Is n a prime number?
False
Suppose -4*c - c = -955. Is c a prime number?
True
Let l = 3 + -2. Is l/(-2)*(-47 + 1) a prime number?
True
Suppose 0 = g - 4*g. Suppose 161 = 5*a - 0*m - m, 3*a - 4*m - 83 = g. Is a a composite number?
True
Suppose -3*t - 5*u - 5 = 0, 1 = -t - 3*u - 6. Suppose -t*f = -b + 20, b = -5*f + 19 + 11. Let r = b + -14. Is r prime?
True
Let f(p) = -p - 1. Let v be f(-6). Let n = -1 + v. Suppose -58 = -4*k + n*x + 34, -5*x - 58 = -2*k. Is k prime?
True
Is 18/(-18) - (-1062)/1 a prime number?
True
Is (-964)/(-4 + 2) + -3 prime?
True
Suppose 60*i = 65*i - 7115. Is i a prime number?
True
Let f = 251 + -138. Is f composite?
False
Suppose m - 295 = 5*w - 79, 0 = -2*w - 2. Is m prime?
True
Suppose -2*s + 5*s - 7221 = 0. Is s a composite number?
True
Suppose 3 = 3*m - 117. Suppose 4*c + v - 62 - m = 0, v = -2. Is c prime?
False
Let u(h) = -h**2 - 2*h + 2. Let q = 5 + -8. Let f be u(q). Is (-13)/1*f - 0 prime?
True
Let l = 13 - 8. Suppose -2*d + 7*d + l*v = 5, -3 = 3*v. Is (d - -7)*(-1)/(-3) composite?
False
Let r(o) = -10*o - 13. Is r(-9) a composite number?
True
Suppose -2*q + 3 = i, 3*q = 2*q - 4*i - 9. Suppose 4*m - 20 = 0, -q*w = -5*w + 3*m + 263. Is w prime?
True
Let d = -3 - -7. Let m = d - 2. Is m + 7 + -2 - 1 composite?
True
Suppose -1 = n, 0*g - 4*g + 8 = -4*n. Let y = 4 + -2. Is (g - y)*(-148)/2 a composite number?
True
Let v = -7 + 14. Suppose 0 = 3*f - 4*t - 365, 3*f + t + 478 = v*f. Is f a prime number?
False
Let q = 895 + -264. Is q a composite number?
False
Suppose 0*f - f + 2653 = 0. Is f a prime number?
False
Let l(q) = 4*q**3 - 1. Suppose v - 2 - 3 = -3*d, 2*v - 4*d = 0. Is l(v) a composite number?
False
Let w = 152 + -70. Suppose -5*q + w + 33 = 0. Is q a composite number?
False
Suppose 2*j - 3*l = 4, 11 = 3*j - 5*l + 3. Let n(r) = r**3 + 4*r**2 - 2*r - 5. Is n(j) a composite number?
False
Let f(r) = r**2 - 10*r + 14. Let n(t) = -t**3 + 4*t**2 + 7*t. Suppose b + b = 10. Let l be n(b). Is f(l) composite?
True
Suppose -2*d + 20 = -d. Let j = -31 + d. Let b = j + 17. Is b composite?
True
Let y be ((-8)/(-12))/(2/36). Let j = y - 17. Is j*((-22)/10 + -2) a composite number?
True
Suppose 0 = -2*d + 4. Let x be d + 0/(2 + 1). Suppose 4*y = x + 2, 5*h = 3*y + 632. Is h a composite number?
False
Let r(b) be the second derivative of 19*b**3/6 - 2*b**2 + b. Let c be r(3). Let d = -22 + c. Is d composite?
False
Let w(s) = 2*s**3 - 6*s**2 - 2*s + 7. Is w(4) prime?
True
Let u(y) = -2*y**2 - 7*y - 6. Let r(s) = 1. Let h(l) = -r(l) - u(l). Is h(6) a prime number?
False
Suppose -10*g = -8*g - 4. Suppose -5*s = 5, g*d + 2*d = -5*s + 623. Is d a prime number?
True
Let l be ((-4)/3)/((-3)/9). Suppose 2*b = -5*k + 561, l*k - 5*b = 117 + 312. Is k prime?
False
Let i = 2545 + -1326. Is i composite?
True
Is 5 - 6 - 1 - (-59)/1 composite?
True
Suppose 3988 = 4*x - 2376. Is x prime?
False
Is (2 + -7)/(2/(-766)) a composite number?
True
Suppose 4 = 5*w - 6. Suppose -u - 5 = -w*u. Suppose -u*l = -25 - 910. Is l prime?
False
Suppose x = 5*w - 43, 3*w - 2*x + 3 = 26. Is w a composite number?
True
Suppose -2*q - 4*q = -276. Is q composite?
True
Let a(n) = -191*n + 9. Let p be 24/(-16)*8/3. Let i be a(p). Suppose 4*d - i = 5*l, -l + 364 = 2*d + l. Is d a prime number?
False
Suppose -2*y - 3*x + 20 = 0, -y - x = -2*x. Let n(z) = -6*z - 7. Let j be n(-2). Suppose 3*l + 35 = j*l + 5*u, -3*u = -y*l + 31. Is l prime?
False
Let k = -74 - -189. Suppose 0*c - 5*c + k = 0. Is c prime?
True
Let l(s) = -s - 1. Let p be l(-3). Suppose p*d = -2*d + 96. Let k = d - 10. Is k prime?
False
Suppose 0*o - 2*a = o - 15, -6 = -2*a. Suppose 5*f + o = -1. Is (-5)/f*(24 - 2) a prime number?
False
Suppose 0 = -2*t - 3*c - 24 - 54, 4*t + 3*c + 156 = 0. Let a = -16 - t. Is a prime?
True
Let w(r) = r**3 - 3*r**2 - 8*r + 2. Is w(7) a composite number?
True
Is (-230566)/(-35) + (-6)/10 composite?
True
Let q = 127 + -69. Let u(h) = h**3 - 6*h**2 + 4*h - 6. Let m be u(5). Let p = m + q. Is p a prime number?
True
Let n = -225 + 394. Is n a composite number?
True
Suppose -3*h + 12 = 5*u - h, h + 24 = 5*u. Suppose 0 = -u*t - 16, 2*t = s - t - 269. Is s a prime number?
True
Let x(n) = n**3 - 5*n**2 + 2*n - 7. Let g be x(5). Suppose -4*b - 5*l = 8, g*b + 6 = b - 3*l. Suppose -s - 26 = -b*s. Is s a composite number?
False
Let v be 1/(-4) - (-7)/(-4). Let i be (-1)/(v/(-168)*-1). Is i + (-1)/(-1 - 0) composite?
True
Let f = 3 - -10. Let u = f + -7. Is u a prime number?
False
Let q(u) = u**2 + 8*u - 6. Let z be q(-8). Is (0 + z)*(-3)/2 a composite number?
True
Let b(o) be the second derivative of 0 - 1/6*o**3 + 3*o**2 + 2*o. Is b(-8) a composite number?
True
Let c(q) = 5*q - 9. Let v(d) = -11*d + 19. Let m(n) = 13*c(n) + 6*v(n). Let i be m(-5). Is (-25)/i*(-4)/5 a prime number?
False
Let n be (-10)/3*15/(-10). Let x(a) = -a**2 + 5*a + 4. Let b be x(n). Suppose -b*z = 7 - 95. Is z composite?
True
Suppose -3*p - 5 = 13. Let j(g) = -3*g - 7. Is j(p) composite?
False
Let h(y) be the third derivative of -5*y**4/8 - 8*y**3/3 - 3*y**2. Is h(-11) prime?
True
Let i(q) = -2 + 0 + 2*q + 3 - 4*q + 101*q**3. Let g be i(1). Let a = -21 + g. Is a composite?
False
Suppose 0 = -z + 2*c + 2806, -5*z + 4*c + 11208 = -z. Is z prime?
False
Suppose -2269 = 5*x + 3026. Let h = x - -682. Let s = -234 - h. Is s composite?
True
Suppose -27890 = -15*n + 6865. Is n a prime number?
False
Let s = -2360 + 4365. Is s composite?
True
Let w(r) = -r**3 - 3*r**2 + 5*r + 3. Let g be w(-4). Is (614 - 1/g) + -4 a composite number?
True
Let d(i) = -16*i + 3. Let l(n) = -3*n. Let c be l(1). Is d(c) a prime number?
False
Suppose 2*g + 2*f + 2 = 8, 0 = 5*f. Let z = g + -2. Suppose -5*p - m = -106, 0 = m + z - 2. Is p a prime number?
False
Suppose -4*u + 2*u + 2*t = -1034, -5*t - 2070 = -4*u. Suppose -u = 6*m - 11*m. Is m a prime number?
True
Let r(q) = 22*q**2 + 6*q + 5. Let v be r(6). Suppose -3*a = 2*l - 1044, 5*a + v - 2578 = -5*l. Is a composite?
True
Suppose -2*d + 100 = 3*d. Let q(v) = -5*v - 14. Let o be q(-4). Let k = d - o. Is k prime?
False
Suppose 94 = 2*d - 8. Is d a prime number?
False
Let j(y) = -y**3 + 9*y**2 - y + 13. Let g be j(9). Suppose -g*x - 5*a + 72 = -a, -3*x - 4*a = -58. Is x a prime number?
False
Let j = -13 + 18. Suppose -j*y = -3*b + 17, b - 2*y + 3